
{"id":10239,"date":"2024-02-05T21:16:42","date_gmt":"2024-02-05T14:16:42","guid":{"rendered":"https:\/\/mphone.vn\/shop\/tai-nghe-logitech-h370-usb-mic-khu-on\/"},"modified":"2024-10-03T17:38:55","modified_gmt":"2024-10-03T10:38:55","slug":"logitech-h370-usb","status":"publish","type":"product","link":"https:\/\/mphone.vn\/shop\/logitech-h370-usb\/","title":{"rendered":"Logitech H370 USB"},"content":{"rendered":"<p>&nbsp;<\/p>\r\n<div class=\"row\">\r\n<div class=\"large-2 col pb-0 mb-0\">\r\n<h5 class=\"uppercase mt\">M\u00f4 t\u1ea3<\/h5>\r\n<\/div>\r\n<div class=\"large-10 col pb-0 mb-0\">\r\n<div class=\"panel entry-content\">\r\n<h2 style=\"text-align: center;\"><a href=\"https:\/\/mphone.vn\/san-pham\/logitech-h370\/\"><strong> Logitech H370<\/strong><\/a><\/h2>\r\n<div class=\"bang-tskt\">\r\n<table>\r\n<tbody>\r\n<tr>\r\n<td colspan=\"2\">M\u00f4 t\u1ea3 chi ti\u1ebft<\/td>\r\n<\/tr>\r\n<tr>\r\n<td>H\u00e3ng s\u1ea3n xu\u1ea5t<\/td>\r\n<td>Logitech<\/td>\r\n<\/tr>\r\n<tr>\r\n<td>Ch\u1ee7ng lo\u1ea1i<\/td>\r\n<td>Logitech H370<\/td>\r\n<\/tr>\r\n<tr>\r\n<td>Chu\u1ea9n c\u1eafm h\u1ed7 tr\u1ee3<\/td>\r\n<td>USB<\/td>\r\n<\/tr>\r\n<tr>\r\n<td>Microphone<\/td>\r\n<td>C\u00f3<\/td>\r\n<\/tr>\r\n<tr>\r\n<td>Tr\u1edf kh\u00e1ng<\/td>\r\n<td>\u00a0N\/a<\/td>\r\n<\/tr>\r\n<tr>\r\n<td>T\u1ea7n s\u1ed1<\/td>\r\n<td>\u00a020 Hz \u2013 20 KHz<\/td>\r\n<\/tr>\r\n<tr>\r\n<td>K\u00edch c\u1ee1 m\u00e0ng loa<\/td>\r\n<td>N\/a<\/td>\r\n<\/tr>\r\n<tr>\r\n<td>Tr\u1ecdng l\u01b0\u1ee3ng<\/td>\r\n<td>N\/a<\/td>\r\n<\/tr>\r\n<tr>\r\n<td>T\u00ednh n\u0103ng \u0111\u1eb7c bi\u1ec7t<\/td>\r\n<td>Ho\u1ea1t \u0111\u1ed9ng v\u1edbi c\u00e1c \u1ee9ng d\u1ee5ng g\u1ecdi \u0111i\u1ec7n ph\u1ed5 bi\u1ebfn tr\u00ean h\u1ea7u h\u1ebft c\u00e1c h\u1ec7 \u0111i\u1ec1u h\u00e0nh<\/td>\r\n<\/tr>\r\n<\/tbody>\r\n<\/table>\r\n<p>Tai nghe Logitech H370<\/p>\r\n<p><img class=\"loaded\" alt=\"Tai nghe Logitech H370\" width=\"800\" height=\"687\" data-was-processed=\"true\" data-lazy-src=\"https:\/\/mphone.vn\/shop\/wp-content\/uploads\/2024\/02\/44018_tai-nghe-logitech-h370.png\" \/><noscript><img decoding=\"async\" class=\"loaded\" src=\"https:\/\/mphone.vn\/shop\/wp-content\/uploads\/2024\/02\/44018_tai-nghe-logitech-h370.png\" alt=\"Tai nghe Logitech H370\" width=\"800\" height=\"687\" data-was-processed=\"true\" title=\"44018_tai-nghe-logitech-h370\"><\/noscript><\/p>\r\n<h3>\u00c2M THANH CH\u1ea4T L\u01af\u1ee2NG K\u1ef8 THU\u1eacT S\u1ed0<\/h3>\r\n<p>Th\u01b0\u1edfng th\u1ee9c \u00e2m thanh k\u1ef9 thu\u1eadt s\u1ed1 ti\u00ean ti\u1ebfn cho \u00e2m nh\u1ea1c v\u00e0 tr\u00f2 ch\u01a1i \u01b0a th\u00edch c\u1ee7a b\u1ea1n c\u0169ng nh\u01b0 c\u00e1c cu\u1ed9c g\u1ecdi r\u00f5 r\u00e0ng. Ch\u1ea5t l\u01b0\u1ee3ng t\u00edn hi\u1ec7u c\u0169ng nh\u01b0 \u00e2m thanh lu\u00f4n \u0111\u01b0\u1ee3c \u0111\u1ea3m b\u1ea3o \u1edf ch\u1ea5t l\u01b0\u1ee3ng t\u1ed1t \u0111\u1ec3 b\u1ea1n c\u00f3 th\u1ec3 s\u1eed d\u1ee5ng chi\u1ebfc n\u00e0y kh\u00f4ng ch\u1ec9 cho m\u1ee5c \u0111\u00edch nghe nh\u1ea1c, ch\u01a1i game th\u00f4ng th\u01b0\u1eddng m\u00e0 c\u00f2n r\u1ea5t ph\u00f9 h\u1ee3p v\u1edbi nh\u1eefng t\u1ed5ng \u0111\u00e0i vi\u00ean chuy\u00ean tr\u1ea3 l\u1eddi cu\u1ed9c g\u1ecdi tr\u1ef1c tuy\u1ebfn.<\/p>\r\n<p><img class=\"loading\" alt=\"Tai nghe Logitech H370 cho \u00e2m thanh ch\u1ea5t l\u01b0\u1ee3ng t\u1ed1t\" width=\"930\" height=\"523\" data-was-processed=\"true\" data-lazy-src=\"https:\/\/mphone.vn\/shop\/wp-content\/uploads\/2024\/02\/44018_tai-nghe-logitech-h370-1.jpg\" \/><noscript><img decoding=\"async\" class=\"loading\" src=\"https:\/\/mphone.vn\/shop\/wp-content\/uploads\/2024\/02\/44018_tai-nghe-logitech-h370-1.jpg\" alt=\"Tai nghe Logitech H370 cho \u00e2m thanh ch\u1ea5t l\u01b0\u1ee3ng t\u1ed1t\" width=\"930\" height=\"523\" data-was-processed=\"true\" title=\"44018_tai-nghe-logitech-h370-1\"><\/noscript><\/p>\r\n<h3>MIC KH\u1eec TI\u1ebeNG \u1ed2N<\/h3>\r\n<p>Mic b\u00ean tr\u00e1i c\u00f3 th\u1ec3 \u0111\u01b0\u1ee3c \u0111\u1ecbnh v\u1ecb thu\u1eadn ti\u1ec7n \u0111\u1ec3 b\u1eaft gi\u1ecdng n\u00f3i t\u1ed1t h\u01a1n v\u00e0 gi\u1ea3m t\u1ea1p \u00e2m n\u1ec1n. C\u00f3 kh\u1eb3 n\u0103ng thay \u0111\u1ed5i v\u1ecb tr\u00ed linh ho\u1ea1t thu\u1eadn ti\u1ec7n cho m\u1ecdi nhu c\u1ea7u s\u1eed d\u1ee5ng c\u1ee7a ng\u01b0\u1eddi d\u00f9ng.<\/p>\r\n<p><img class=\"loading\" alt=\"Tai nghe Logitech H370 trang b\u1ecb mic kh\u1eed \u1ed3n\" width=\"930\" height=\"523\" data-was-processed=\"true\" data-lazy-src=\"https:\/\/mphone.vn\/shop\/wp-content\/uploads\/2024\/02\/44018_tai-nghe-logitech-h370-2.jpg\" \/><noscript><img decoding=\"async\" class=\"loading\" src=\"https:\/\/mphone.vn\/shop\/wp-content\/uploads\/2024\/02\/44018_tai-nghe-logitech-h370-2.jpg\" alt=\"Tai nghe Logitech H370 trang b\u1ecb mic kh\u1eed \u1ed3n\" width=\"930\" height=\"523\" data-was-processed=\"true\" title=\"44018_tai-nghe-logitech-h370-2\"><\/noscript><\/p>\r\n<h3>N\u00daT \u0110I\u1ec0U KHI\u1ec2N TR\u00caN D\u00c2Y<\/h3>\r\n<p>Tai nghe c\u00f3 \u0111\u1ea7u n\u1ed1i USB c\u1eafm tr\u1ef1c ti\u1ebfp v\u00e0o m\u00e1y t\u00ednh c\u1ee7a b\u1ea1n. C\u00e1c n\u00fat \u0111i\u1ec1u khi\u1ec3n \u0111\u01a1n gi\u1ea3n tr\u00ean d\u00e2y tai nghe cho ph\u00e9p b\u1ea1n \u0111i\u1ec1u ch\u1ec9nh \u00e2m l\u01b0\u1ee3ng ho\u1eb7c t\u1eaft ti\u1ebfng cu\u1ed9c g\u1ecdi m\u00e0 kh\u00f4ng h\u1ec1 gi\u00e1n \u0111o\u1ea1n. R\u1ea5t ti\u1ec7n l\u1ee3i trong qu\u00e1 tr\u00ecnh s\u1eed d\u1ee5ng l\u00e2u d\u00e0i, b\u1ea1n c\u00f3 th\u1ec3 thao t\u00e1c c\u00e1c ch\u1ee9c n\u0103ng c\u01a1 b\u1ea3n ngay tr\u00ean c\u00e1c n\u00fat ch\u1ee9c n\u0103ng c\u00f3 s\u1eb5n tr\u00ean tai nghe.<\/p>\r\n<p><img class=\"loading\" alt=\"Tai nghe Logitech H370 t\u00edch h\u1ee3p \u0111i\u1ec1u khi\u1ec3n tr\u00ean d\u00e2y\" width=\"930\" height=\"523\" data-was-processed=\"true\" data-lazy-src=\"https:\/\/mphone.vn\/shop\/wp-content\/uploads\/2024\/02\/44018_tai-nghe-logitech-h370-3.jpg\" \/><noscript><img decoding=\"async\" class=\"loading\" src=\"https:\/\/mphone.vn\/shop\/wp-content\/uploads\/2024\/02\/44018_tai-nghe-logitech-h370-3.jpg\" alt=\"Tai nghe Logitech H370 t\u00edch h\u1ee3p \u0111i\u1ec1u khi\u1ec3n tr\u00ean d\u00e2y\" width=\"930\" height=\"523\" data-was-processed=\"true\" title=\"44018_tai-nghe-logitech-h370-3\"><\/noscript><\/p>\r\n<h3>QUAI \u0110EO C\u00d3 TH\u1ec2 \u0110I\u1ec0U CH\u1ec8NH \u0110\u01af\u1ee2C<\/h3>\r\n<p>Quai \u0111eo c\u00f3 tr\u1ecdng l\u01b0\u1ee3ng nh\u1eb9 v\u1edbi \u0111\u1ec7m tai b\u1eb1ng m\u00fat \u0111\u01b0\u1ee3c g\u1eafn ki\u1ec3u xoay \u0111\u01b0\u1ee3c \u0111em l\u1ea1i h\u00e0ng gi\u1edd nghe tho\u1ea3i m\u00e1i. Ph\u00f9 h\u1ee3p v\u1edbi c\u00e1c t\u00ecnh hu\u1ed1ng s\u1eed d\u1ee5ng kh\u00e1c nhau nh\u01b0ng v\u1eabn t\u1ea1o s\u1ef1 linh ho\u1ea1t v\u00e0 tho\u1ea3i m\u00e1i t\u1ed1i \u0111a cho ng\u01b0\u1eddi d\u00f9ng.<\/p>\r\n<p><img class=\"loading\" alt=\"Tai nghe Logitech H370 c\u00f3 th\u1ec3 \u0111i\u1ec1u ch\u1ec9nh form \u0111eo d\u1ec5 d\u00e0ng\" width=\"930\" height=\"523\" data-was-processed=\"true\" data-lazy-src=\"https:\/\/mphone.vn\/shop\/wp-content\/uploads\/2024\/02\/44018_tai-nghe-logitech-h370-4.jpg\" \/><noscript><img decoding=\"async\" class=\"loading\" src=\"https:\/\/mphone.vn\/shop\/wp-content\/uploads\/2024\/02\/44018_tai-nghe-logitech-h370-4.jpg\" alt=\"Tai nghe Logitech H370 c\u00f3 th\u1ec3 \u0111i\u1ec1u ch\u1ec9nh form \u0111eo d\u1ec5 d\u00e0ng\" width=\"930\" height=\"523\" data-was-processed=\"true\" title=\"44018_tai-nghe-logitech-h370-4\"><\/noscript><\/p>\r\n<\/div>\r\n<\/div>\r\n<\/div>\r\n<\/div>","protected":false},"excerpt":{"rendered":"&nbsp; M\u00f4 t\u1ea3 Logitech H370 M\u00f4 t\u1ea3 chi ti\u1ebft H\u00e3ng s\u1ea3n xu\u1ea5t Logitech Ch\u1ee7ng lo\u1ea1i Logitech H370 Chu\u1ea9n c\u1eafm h\u1ed7 tr\u1ee3 USB Microphone C\u00f3 Tr\u1edf kh\u00e1ng \u00a0N\/a T\u1ea7n s\u1ed1 \u00a020 Hz \u2013 20 KHz K\u00edch c\u1ee1 m\u00e0ng loa N\/a Tr\u1ecdng l\u01b0\u1ee3ng N\/a T\u00ednh n\u0103ng \u0111\u1eb7c bi\u1ec7t Ho\u1ea1t \u0111\u1ed9ng v\u1edbi c\u00e1c \u1ee9ng d\u1ee5ng g\u1ecdi \u0111i\u1ec7n ph\u1ed5","protected":false},"featured_media":10856,"template":"","meta":{"inline_featured_image":false},"product_brand":[],"product_cat":[336],"product_tag":[],"class_list":{"0":"post-10239","1":"product","2":"type-product","3":"status-publish","4":"has-post-thumbnail","6":"product_cat-tai-nghe","8":"first","9":"instock","10":"sale","11":"shipping-taxable","12":"purchasable","13":"product-type-simple"},"acf":[],"_links":{"self":[{"href":"https:\/\/mphone.vn\/shop\/wp-json\/wp\/v2\/product\/10239","targetHints":{"allow":["GET"]}}],"collection":[{"href":"https:\/\/mphone.vn\/shop\/wp-json\/wp\/v2\/product"}],"about":[{"href":"https:\/\/mphone.vn\/shop\/wp-json\/wp\/v2\/types\/product"}],"wp:featuredmedia":[{"embeddable":true,"href":"https:\/\/mphone.vn\/shop\/wp-json\/wp\/v2\/media\/10856"}],"wp:attachment":[{"href":"https:\/\/mphone.vn\/shop\/wp-json\/wp\/v2\/media?parent=10239"}],"wp:term":[{"taxonomy":"product_brand","embeddable":true,"href":"https:\/\/mphone.vn\/shop\/wp-json\/wp\/v2\/product_brand?post=10239"},{"taxonomy":"product_cat","embeddable":true,"href":"https:\/\/mphone.vn\/shop\/wp-json\/wp\/v2\/product_cat?post=10239"},{"taxonomy":"product_tag","embeddable":true,"href":"https:\/\/mphone.vn\/shop\/wp-json\/wp\/v2\/product_tag?post=10239"}],"curies":[{"name":"wp","href":"https:\/\/api.w.org\/{rel}","templated":true}]}}