
{"id":8958,"date":"2024-02-05T06:34:36","date_gmt":"2024-02-04T23:34:36","guid":{"rendered":"https:\/\/mphone.vn\/shop\/dien-thoai-ip-yealink-w52h\/"},"modified":"2024-10-03T17:05:39","modified_gmt":"2024-10-03T10:05:39","slug":"dien-thoai-ip-yealink-w52h","status":"publish","type":"product","link":"https:\/\/mphone.vn\/shop\/dien-thoai-ip-yealink-w52h\/","title":{"rendered":"Yealink W52H"},"content":{"rendered":"<p>&nbsp;<\/p>\r\n<div id=\"tab-description\" class=\"woocommerce-Tabs-panel woocommerce-Tabs-panel--description panel entry-content wc-tab\" role=\"tabpanel\" aria-labelledby=\"tab-title-description\">\r\n<h2>M\u00f4 t\u1ea3<\/h2>\r\n<p><strong>Yealink W52H<\/strong> l\u00e0 thi\u1ebft b\u1ecb \u0111i\u1ec7n tho\u1ea1i c\u1ea7m tay \u0111\u1ed9t ph\u00e1 do <a href=\"https:\/\/yealink.vn\/\" target=\"_blank\" rel=\"noopener noreferrer nofollow\"><strong>th\u01b0\u01a1ng hi\u1ec7u Yealink<\/strong><\/a> ph\u00e1t h\u00e0nh d\u00e0nh cho c\u00e1c doanh nghi\u1ec7p nh\u1ecf. \u0110i\u1ec7n tho\u1ea1i Yealink W52H\u00a0 l\u00e0 \u0111\u1ea1i di\u1ec7n cho nh\u1eefng g\u00ec c\u00f4ng ngh\u1ec7 ti\u00ean ti\u1ebfn c\u00f3 th\u1ec3 l\u00e0m \u0111\u1ec3 c\u1ea3i thi\u1ec7n \u0111\u00e1ng k\u1ec3 b\u1ea5t k\u1ef3 m\u00f4i tr\u01b0\u1eddng VoIP d\u1ef1a tr\u00ean SIP n\u00e0o. \u0110i\u1ec7n tho\u1ea1i c\u1ea7m tay Yealink W52H l\u00e0 \u0111i\u1ec7n tho\u1ea1i kh\u00f4ng d\u00e2y DECT VoIP c\u00f3 th\u1ec3 \u0111\u01b0\u1ee3c k\u1ebft h\u1ee3p v\u1edbi m\u1ed9t tr\u1ea1m g\u1ed1c \u0111i\u1ec7n tho\u1ea1i kh\u00f4ng d\u00e2y Yealink W52P. \u0110i\u1ec7n tho\u1ea1i b\u00e0n v\u00e0 gi\u1ea3i ph\u00e1p kh\u00f4ng d\u00e2y t\u1eeb Yealink c\u00f3 gi\u00e1 c\u1ea3 r\u1ea5t ph\u1ea3i ch\u0103ng v\u00e0 \u0111\u00e1ng tin c\u1eady, cung c\u1ea5p c\u00e1c t\u00ednh n\u0103ng c\u1ea5p doanh nghi\u1ec7p m\u00e0 kh\u00f4ng c\u00f3 m\u1ee9c gi\u00e1 cao m\u00e0 b\u1ea1n mong \u0111\u1ee3i.<\/p>\r\n<p><strong><img decoding=\"async\" class=\" wp-image-7362 aligncenter\" title=\"w52h-2\" src=\"https:\/\/mphone.vn\/shop\/wp-content\/uploads\/2024\/02\/w52h-2.png\" sizes=\"(max-width: 575px) 100vw, 575px\" srcset=\"https:\/\/mphone.vn\/shop\/wp-content\/uploads\/2024\/02\/w52h-2.png 642w, https:\/\/mphone.vn\/wp-content\/uploads\/2020\/11\/w52h-2-300x221.png 300w, https:\/\/mphone.vn\/wp-content\/uploads\/2020\/11\/w52h-2-600x441.png 600w, https:\/\/mphone.vn\/wp-content\/uploads\/2020\/11\/w52h-2-64x47.png 64w\" alt=\"Yealink-W52H\" width=\"575\" height=\"423\" \/><\/strong><\/p>\r\n<h3><strong>C\u00e1c t\u00ednh n\u0103ng n\u1ed5i b\u1eadt c\u1ee7a \u0111i\u1ec7n tho\u1ea1i IP kh\u00f4ng d\u00e2y Yealink W52H<\/strong><\/h3>\r\n<h4><strong>Ch\u1ebf \u0111\u1ed9 tr\u00f2 chuy\u1ec7n r\u1ea3nh tay<\/strong><\/h4>\r\n<p>V\u1edbi ch\u1ebf \u0111\u1ed9 tr\u00f2 chuy\u1ec7n r\u1ea3nh tay, <a href=\"https:\/\/mphone.vn\/dien-thoai-ip-khong-day-yealink-w52h\/\" target=\"_blank\" rel=\"noopener noreferrer\"><strong>\u0111i\u1ec7n tho\u1ea1i W52H<\/strong><\/a> cho ph\u00e9p b\u1ea1n c\u00f3 th\u1ec3 r\u1ea3nh tay l\u00e0m vi\u1ec7c kh\u00e1c m\u00e0 v\u1eabn c\u00f3 c\u00f3 th\u1ec3 ti\u1ebfp t\u1ee5c duy tr\u00ec cu\u1ed9c tr\u00f2 chuy\u1ec7n. C\u00f9ng v\u1edbi t\u00ednh n\u0103ng gi\u00fap t\u1ef1 do di chuy\u1ec3n, c\u00e1c t\u00ednh n\u0103ng chuy\u00ean nghi\u1ec7p nh\u01b0 intercom, chuy\u1ec3n, chuy\u1ec3n ti\u1ebfp cu\u1ed9c g\u1ecdi, h\u1ed9i ngh\u1ecb 3 chi\u1ec1u, v.v. v\u00e0 c\u00e0i \u0111\u1eb7t kh\u00f4ng ch\u1ea1m gi\u00fap cho c\u1ea5u h\u00ecnh th\u1ef1c hi\u1ec7n nhanh ch\u00f3ng v\u00e0 d\u1ec5 d\u00e0ng h\u01a1n.<\/p>\r\n<h4><strong><img decoding=\"async\" class=\"size-full wp-image-7363 aligncenter\" title=\"w52h-3\" src=\"https:\/\/mphone.vn\/shop\/wp-content\/uploads\/2024\/02\/w52h-3.png\" sizes=\"(max-width: 361px) 100vw, 361px\" srcset=\"https:\/\/mphone.vn\/shop\/wp-content\/uploads\/2024\/02\/w52h-3.png 361w, https:\/\/mphone.vn\/wp-content\/uploads\/2020\/11\/w52h-3-300x219.png 300w, https:\/\/mphone.vn\/wp-content\/uploads\/2020\/11\/w52h-3-64x47.png 64w\" alt=\"dien-thoai-ip-khong-day-yealink-w52h\" width=\"361\" height=\"264\" \/><\/strong><\/h4>\r\n<h4><strong>M\u00e0n h\u00ecnh m\u00e0u 1.8\u2033 v\u1edbi giao di\u1ec7n ng\u01b0\u1eddi d\u00f9ng tr\u1ef1c quan<\/strong><\/h4>\r\n<p>W52H \u0111\u01b0\u1ee3c trang b\u1ecb m\u00e0n h\u00ecnh m\u00e0u TFT ch\u1ea5t l\u01b0\u1ee3ng cao gi\u00fap cung c\u1ea5p cho ng\u01b0\u1eddi d\u00f9ng kh\u1ea3 n\u0103ng nh\u00ecn r\u00f5 r\u00e0ng t\u1eeb m\u1ecdi g\u00f3c \u0111\u1ed9, ng\u01b0\u1eddi d\u00f9ng c\u00f3 th\u1ec3 th\u01b0\u1edfng th\u1ee9c c\u00e1c cu\u1ed9c tr\u00f2 chuy\u1ec7n v\u1edbi ch\u1ea5t l\u01b0\u1ee3ng \u00e2m thanh HD nh\u1edd c\u00f4ng ngh\u1ec7 b\u0103ng th\u00f4ng r\u1ed9ng.<\/p>\r\n<h4><strong>K\u1ebft n\u1ed1i tai nghe qua gi\u1eafc c\u1eafm 2,5 mm v\u1edbi th\u1eddi gian tho\u1ea1i l\u00ean \u0111\u1ebfn 10 gi\u1edd<\/strong><\/h4>\r\n<p>\u0110i\u1ec7n tho\u1ea1i c\u00f3 h\u1ed7 tr\u1ee3 k\u1ebft n\u1ed1i tai nghe 2,5 mm cho ph\u00e9p b\u1ea1n c\u00f3 th\u1ec3 nghe \u0111i\u1ec7n tho\u1ea1i qua tai nghe gi\u00fap b\u1ea1n c\u00f3 th\u1ec3 th\u1ef1c hi\u1ec7n cu\u1ed9c g\u1ecdi ri\u00eang t\u01b0 h\u01a1n.<\/p>\r\n<h4><strong>B\u00e0n phi\u1ebfm c\u00f3 thi\u1ebft k\u1ebf thanh l\u1ecbch<\/strong><\/h4>\r\n<p>\u0110i\u1ec7n tho\u1ea1i c\u00f3 thi\u1ebft k\u1ebf \u0111\u1eb9p, m\u00e0u s\u1eafc sang tr\u1ecdng \u0111em l\u1ea1i v\u1ebb \u0111\u1eb9p thanh l\u1ecbch cho s\u1ea3n ph\u1ea9m. V\u1edbi thi\u1ebft k\u1ebf b\u00e0n ph\u00edm thanh l\u1ecbch c\u00f3 \u0111\u00e8n s\u00e1ng v\u00e0 kh\u00f3a b\u00e0n ph\u00edm cho b\u1ea1n kh\u1ea3 n\u0103ng b\u1ea3o m\u1eadt v\u00e0 d\u1ec5 d\u00e0ng b\u1ea5m trong ban \u0111\u00eam.<\/p>\r\n<\/div>","protected":false},"excerpt":{"rendered":"&nbsp; M\u00f4 t\u1ea3 Yealink W52H l\u00e0 thi\u1ebft b\u1ecb \u0111i\u1ec7n tho\u1ea1i c\u1ea7m tay \u0111\u1ed9t ph\u00e1 do th\u01b0\u01a1ng hi\u1ec7u Yealink ph\u00e1t h\u00e0nh d\u00e0nh cho c\u00e1c doanh nghi\u1ec7p nh\u1ecf. \u0110i\u1ec7n tho\u1ea1i Yealink W52H\u00a0 l\u00e0 \u0111\u1ea1i di\u1ec7n cho nh\u1eefng g\u00ec c\u00f4ng ngh\u1ec7 ti\u00ean ti\u1ebfn c\u00f3 th\u1ec3 l\u00e0m \u0111\u1ec3 c\u1ea3i thi\u1ec7n \u0111\u00e1ng k\u1ec3 b\u1ea5t k\u1ef3 m\u00f4i tr\u01b0\u1eddng VoIP d\u1ef1a tr\u00ean","protected":false},"featured_media":10894,"template":"","meta":{"inline_featured_image":false},"product_brand":[],"product_cat":[346],"product_tag":[],"class_list":{"0":"post-8958","1":"product","2":"type-product","3":"status-publish","4":"has-post-thumbnail","6":"product_cat-ip-phone","8":"first","9":"instock","10":"sale","11":"shipping-taxable","12":"purchasable","13":"product-type-simple"},"acf":[],"_links":{"self":[{"href":"https:\/\/mphone.vn\/shop\/wp-json\/wp\/v2\/product\/8958","targetHints":{"allow":["GET"]}}],"collection":[{"href":"https:\/\/mphone.vn\/shop\/wp-json\/wp\/v2\/product"}],"about":[{"href":"https:\/\/mphone.vn\/shop\/wp-json\/wp\/v2\/types\/product"}],"wp:featuredmedia":[{"embeddable":true,"href":"https:\/\/mphone.vn\/shop\/wp-json\/wp\/v2\/media\/10894"}],"wp:attachment":[{"href":"https:\/\/mphone.vn\/shop\/wp-json\/wp\/v2\/media?parent=8958"}],"wp:term":[{"taxonomy":"product_brand","embeddable":true,"href":"https:\/\/mphone.vn\/shop\/wp-json\/wp\/v2\/product_brand?post=8958"},{"taxonomy":"product_cat","embeddable":true,"href":"https:\/\/mphone.vn\/shop\/wp-json\/wp\/v2\/product_cat?post=8958"},{"taxonomy":"product_tag","embeddable":true,"href":"https:\/\/mphone.vn\/shop\/wp-json\/wp\/v2\/product_tag?post=8958"}],"curies":[{"name":"wp","href":"https:\/\/api.w.org\/{rel}","templated":true}]}}