
{"id":9218,"date":"2024-02-05T06:39:53","date_gmt":"2024-02-04T23:39:53","guid":{"rendered":"https:\/\/mphone.vn\/shop\/dien-thoai-ip-yealink-sip-t40p\/"},"modified":"2024-10-03T17:26:49","modified_gmt":"2024-10-03T10:26:49","slug":"yealink-sip-t40p","status":"publish","type":"product","link":"https:\/\/mphone.vn\/shop\/yealink-sip-t40p\/","title":{"rendered":"Yealink SIP-T40P"},"content":{"rendered":"<p>&nbsp;<\/p>\r\n<div id=\"tab-description\" class=\"woocommerce-Tabs-panel woocommerce-Tabs-panel--description panel entry-content wc-tab\" role=\"tabpanel\" aria-labelledby=\"tab-title-description\">\r\n<h2>M\u00f4 t\u1ea3<\/h2>\r\n<h3>\u0110i\u1ec7n tho\u1ea1i IP yealink SIP-T40P<\/h3>\r\n<p style=\"text-align: justify;\"><strong>Yealink SIP-T40P<\/strong> l\u00e0 m\u1ed9t trong nh\u1eefng d\u00f2ng \u0111i\u1ec7n tho\u1ea1i ip m\u1edbi ra m\u1eaft c\u1ee7a <a href=\"https:\/\/mphone.vn\/san-pham\/?filter_hang-san-xuat=yealink\" target=\"_blank\" rel=\"noopener noreferrer\">th\u01b0\u01a1ng hi\u1ec7u Yealink<\/a>. \u0110i\u1ec7n tho\u1ea1i SIP-T40P thu\u1ed9c d\u00f2ng yealink T4 c\u1ee7a d\u00f2ng \u0111i\u1ec7n tho\u1ea1i SIP v\u1edbi nhi\u1ec1u t\u00ednh n\u0103ng h\u1ea5p d\u1eabn gi\u00fap cho quy tr\u00ecnh v\u00e0 ho\u1ea1t \u0111\u1ed9ng kinh doanh h\u00e0ng ng\u00e0y c\u1ee7a c\u00e1c doanh nghi\u1ec7p \u0111\u01b0\u1ee3c th\u1ef1c hi\u1ec7n hi\u1ec7u qu\u1ea3 h\u01a1n.<\/p>\r\n<p style=\"text-align: justify;\">V\u1edbi thi\u1ebft k\u1ebf m\u1edbi, h\u1ed7 tr\u1ee3 cung c\u1ea5p linh ho\u1ea1t v\u00e0 an to\u00e0n (\u0111i\u1ec7n tho\u1ea1i s\u1eed d\u1ee5ng c\u00e1c giao th\u1ee9c m\u00e3 h\u00f3a ti\u00eau chu\u1ea9n c\u00f4ng nghi\u1ec7p gi\u00fap cho ng\u01b0\u1eddi d\u00f9ng c\u00f3 th\u1ec3 th\u1ef1c hi\u1ec7n n\u00e2ng c\u1ea5p ph\u1ea7n m\u1ec1m ngay c\u1ea3 trong nh\u00e0 hay t\u1eeb xa), \u0111i\u1ec7n tho\u1ea1i IP n\u00e0y \u0111\u01b0\u1ee3c thi\u1ebft k\u1ebf tr\u1ef1c quan d\u1ec5 d\u00e0ng s\u1eed d\u1ee5ng. V\u00ec v\u1eady, ch\u1ec9 c\u1ea7n m\u1ed9t \u00edt th\u1eddi gian \u0111\u1ec3 l\u00e0m quen l\u00e0 b\u1ea1n \u0111\u00e3 c\u00f3 th\u1ec3 s\u1eed d\u1ee5ng \u0111\u01b0\u1ee3c r\u1ed3i.<\/p>\r\n<p style=\"text-align: justify;\">V\u1edbi c\u00e1c ph\u00edm c\u00f3 th\u1ec3 l\u1eadp tr\u00ecnh, SIP-T40P t\u1ef1 h\u00e0o c\u00f3 nhi\u1ec1u t\u00ednh n\u0103ng gi\u00fap n\u00e2ng cao n\u0103ng su\u1ea5t nh\u01b0 h\u1ed7 tr\u1ee3 ngu\u1ed3n qua Ethernet (PoE), \u00e2m thanh ch\u1ea5t l\u01b0\u1ee3ng HD tuy\u1ec7t v\u1eddi v\u1edbi tr\u1ea3i nghi\u1ec7m h\u00ecnh \u1ea3nh phong ph\u00fa h\u1ea5p d\u1eabn.<\/p>\r\n<p><img decoding=\"async\" class=\"size-full wp-image-6211 aligncenter\" title=\"t40p\" src=\"https:\/\/mphone.vn\/shop\/wp-content\/uploads\/2024\/02\/t40p.jpg\" sizes=\"(max-width: 500px) 100vw, 500px\" srcset=\"https:\/\/mphone.vn\/shop\/wp-content\/uploads\/2024\/02\/t40p.jpg 500w, https:\/\/mphone.vn\/wp-content\/uploads\/2020\/09\/T40P-300x300.jpg 300w, https:\/\/mphone.vn\/wp-content\/uploads\/2020\/09\/T40P-150x150.jpg 150w, https:\/\/mphone.vn\/wp-content\/uploads\/2020\/09\/T40P-100x100.jpg 100w\" width=\"500\" height=\"500\" \/><\/p>\r\n<h3><strong>C\u00e1c t\u00ednh n\u0103ng c\u1ee7a \u0111i\u1ec7n tho\u1ea1i SIP-T40P <\/strong><\/h3>\r\n<h4><strong>Cu\u1ed9c c\u00e1ch m\u1ea1ng v\u1ec1 thi\u1ebft k\u1ebf m\u1edbi<br \/>\r\n<\/strong><\/h4>\r\n<p style=\"text-align: justify;\">D\u00f2ng <a href=\"https:\/\/mphonegroups.com\/danh-muc\/dien-thoai-voice-ip\/dien-thoai-ban-voice-ip\/\" target=\"_blank\" rel=\"nofollow noopener\">\u0111i\u1ec7n tho\u1ea1i voip<\/a> SIP c\u1ee7a Yealink t\u1eeb tr\u01b0\u1edbc \u0111\u1ebfn nay v\u1eabn \u0111ang ti\u1ebfp t\u1ee5c ph\u00e1t tri\u1ec3n. T\u1eeb giai \u0111o\u1ea1n l\u1eadp chi\u1ebfn l\u01b0\u1ee3c ban \u0111\u1ea7u cho \u0111\u1ebfn c\u00e1c giai \u0111o\u1ea1n ph\u00e1t tri\u1ec3n, d\u00f2ng T4 v\u1eabn ph\u00e1t tri\u1ec3n m\u1ea1nh m\u1ebd, trong \u0111\u00f3 c\u00f3 SIP-T40P. S\u1ea3n ph\u1ea9m \u0111\u1ea3m b\u1ea3o cho ng\u01b0\u1eddi d\u00f9ng nh\u1eefng tr\u1ea3i nghi\u1ec7m t\u1ed1i \u01b0u nh\u1ea5t ngay c\u1ea3 trong nh\u1eefng chi ti\u1ebft nh\u1ecf nh\u1ea5t. Ch\u1eb3ng h\u1ea1n nh\u01b0 thi\u1ebft k\u1ebf kh\u00f4ng c\u00f3 nh\u00e3n gi\u1ea5y m\u1edbi c\u1ee7a gi\u1ea3i ph\u00e1p, ch\u00e2n \u0111\u1ebf d\u1ec5 s\u1eed d\u1ee5ng, ch\u00e2n cao su ch\u1ed1ng tr\u01b0\u1ee3t v\u00e0 c\u00e1c n\u00fat c\u00f4ng th\u00e1i h\u1ecdc l\u00f5m v\u00e0o, d\u1ec5 d\u00e0ng s\u1eed d\u1ee5ng l\u00e0 ti\u00eau ch\u00ed h\u00e0ng \u0111\u1ea7u c\u1ee7a s\u1ea3n ph\u1ea9m.<\/p>\r\n<h4><strong>Tr\u1ea3i nghi\u1ec7m \u00e2m thanh ch\u1ea5t l\u01b0\u1ee3ng HD v\u1edbi \u0111i\u1ec7n tho\u1ea1i SIP-T40P<br \/>\r\n<\/strong><\/h4>\r\n<p style=\"text-align: justify;\">Yealink\u2019s Optima HD Voice c\u00f3 nhi\u1ec1u ch\u1ee9c n\u0103ng n\u1ed5i b\u1eadt v\u1edbi s\u1ef1 k\u1ebft h\u1ee3p gi\u1eefa thi\u1ebft k\u1ebf ph\u1ea7n m\u1ec1m v\u00e0 ph\u1ea7n c\u1ee9ng c\u0169ng nh\u01b0 vi\u1ec7c tri\u1ec3n khai c\u00f4ng ngh\u1ec7 b\u0103ng th\u00f4ng r\u1ed9ng v\u00e0 c\u00e1c y\u1ebfu t\u1ed1 \u00e2m thanh ti\u00ean ti\u1ebfn nh\u01b0 duplex, gi\u00fap lo\u1ea1i b\u1ecf ti\u1ebfng vang v\u00e0 b\u1ed9 \u0111\u1ec7m rung th\u00edch \u1ee9ng gi\u00fap t\u1ed1i \u0111a h\u00f3a hi\u1ec7u su\u1ea5t \u00e2m thanh c\u1ee7a s\u1ea3n ph\u1ea9m. \u0110i\u1ec1u n\u00e0y t\u1ea1o ra cho b\u1ea1n nh\u1eefng tr\u1ea3i nghi\u1ec7m \u00e2m thanh tuy\u1ec7t v\u1eddi ch\u01b0a t\u1eebng c\u00f3.<\/p>\r\n<p><img decoding=\"async\" class=\"size-full wp-image-6288 aligncenter\" title=\"t40-sua-1\" src=\"https:\/\/mphone.vn\/shop\/wp-content\/uploads\/2024\/02\/t40-sua-1.gif\" width=\"800\" height=\"378\" \/><\/p>\r\n<h4><strong>T\u0103ng c\u01b0\u1eddng qu\u1ea3n l\u00fd cu\u1ed9c g\u1ecdi<\/strong><\/h4>\r\n<p style=\"text-align: justify;\"><a href=\"https:\/\/mphone.vn\/dien-thoai-ip-yealink-sip-t40p\/\" target=\"_blank\" rel=\"noopener noreferrer\">\u0110i\u1ec7n tho\u1ea1i IP SIP-T40P<\/a> h\u1ed7 tr\u1ee3 nhi\u1ec1u t\u00ednh n\u0103ng gi\u00fap n\u00e2ng cao vi\u1ec7c qu\u1ea3n l\u00fd cu\u1ed9c g\u1ecdi nh\u01b0 SCA, BLF List, chuy\u1ec3n ti\u1ebfp cu\u1ed9c g\u1ecdi, chuy\u1ec3n cu\u1ed9c g\u1ecdi, h\u1ed9i ngh\u1ecb ba chi\u1ec1u. H\u01a1n n\u1eefa, \u0111i\u1ec7n tho\u1ea1i SIP n\u00e0y c\u0169ng cung c\u1ea5p h\u1ed7 tr\u1ee3 cho Yealink YHS32. Ngo\u00e0i ra, v\u1edbi EHS36, ng\u01b0\u1eddi d\u00f9ng c\u00f3 th\u1ec3 \u0111i\u1ec1u khi\u1ec3n \u0111i\u1ec7n tho\u1ea1i c\u1ee7a m\u00ecnh m\u1ed9t c\u00e1ch thu\u1eadn ti\u1ec7n v\u00e0 nhanh ch\u00f3ng th\u00f4ng qua tai nghe kh\u00f4ng d\u00e2y.<\/p>\r\n<h4><strong>C\u00e0i \u0111\u1eb7t v\u00e0 cung c\u1ea5p hi\u1ec7u qu\u1ea3<br \/>\r\n<\/strong><\/h4>\r\n<p style=\"text-align: justify;\">\u0110i\u1ec7n tho\u1ea1i IP Yealink t\u00edch h\u1ee3p th\u00eam IEEE 802.3af (PoE) cho ph\u00e9p ng\u01b0\u1eddi d\u00f9ng tri\u1ec3n khai d\u1ec5 d\u00e0ng v\u1edbi c\u1ea5p ngu\u1ed3n v\u00e0 sao l\u01b0u t\u1eadp trung. SIP-T40P h\u1ed7 tr\u1ee3 c\u00e1c giao th\u1ee9c FTP, TFTP, HTTP v\u00e0 HTTPS \u0111\u1ec3 cung c\u1ea5p t\u1ec7p v\u00e0 \u0111\u01b0\u1ee3c \u0111\u1ecbnh c\u1ea5u h\u00ecnh theo m\u1eb7c \u0111\u1ecbnh \u0111\u1ec3 s\u1eed d\u1ee5ng Trivial File Transfer Protocol (TFTP). Ngo\u00e0i ra, \u0111i\u1ec7n tho\u1ea1i c\u00f2n h\u1ed7 tr\u1ee3 c\u00e1c t\u1ec7p c\u1ea5u h\u00ecnh XML \u0111\u01b0\u1ee3c m\u00e3 h\u00f3a AES.<\/p>\r\n<h4><strong>Kh\u1ea3 n\u0103ng t\u01b0\u01a1ng t\u00e1c cao v\u00e0 v\u1eadn chuy\u1ec3n an to\u00e0n<\/strong><\/h4>\r\n<p style=\"text-align: justify;\">SIP-T40P s\u1eed d\u1ee5ng SIP qua Transport Layer Security (TLS \/ SSL) \u0111\u1ec3 cung c\u1ea5p cho c\u00e1c nh\u00e0 cung c\u1ea5p d\u1ecbch v\u1ee5 c\u00f4ng ngh\u1ec7 m\u1edbi nh\u1ea5t nh\u1eb1m t\u0103ng c\u01b0\u1eddng b\u1ea3o m\u1eadt m\u1ea1ng. To\u00e0n b\u1ed9 d\u1ea3i \u0111i\u1ec7n tho\u1ea1i T40P \u0111\u01b0\u1ee3c ch\u1ee9ng nh\u1eadn t\u01b0\u01a1ng th\u00edch v\u1edbi 3CX v\u00e0 BroadSoft Broadworks, h\u1ed7 tr\u1ee3 kh\u1ea3 n\u0103ng t\u01b0\u01a1ng th\u00edch tuy\u1ec7t v\u1eddi v\u1edbi c\u00e1c nh\u00e0 cung c\u1ea5p c\u00f4ng t\u1eafc m\u1ec1m h\u00e0ng \u0111\u1ea7u \u0111\u1ec3 \u0111\u1ea3m b\u1ea3o vi\u1ec7c tri\u1ec3n khai v\u00e0 c\u00e0i \u0111\u1eb7t nhanh ch\u00f3ng v\u00e0 thu\u1eadn l\u1ee3i nh\u1ea5t c\u00f3 th\u1ec3.<\/p>\r\n<p><img decoding=\"async\" class=\"size-full wp-image-6290 aligncenter\" title=\"t40p-yealink-sua-1\" src=\"https:\/\/mphone.vn\/shop\/wp-content\/uploads\/2024\/02\/t40p-yealink-sua-1.gif\" width=\"800\" height=\"367\" \/><\/p>\r\n<\/div>","protected":false},"excerpt":{"rendered":"&nbsp; M\u00f4 t\u1ea3 \u0110i\u1ec7n tho\u1ea1i IP yealink SIP-T40P Yealink SIP-T40P l\u00e0 m\u1ed9t trong nh\u1eefng d\u00f2ng \u0111i\u1ec7n tho\u1ea1i ip m\u1edbi ra m\u1eaft c\u1ee7a th\u01b0\u01a1ng hi\u1ec7u Yealink. \u0110i\u1ec7n tho\u1ea1i SIP-T40P thu\u1ed9c d\u00f2ng yealink T4 c\u1ee7a d\u00f2ng \u0111i\u1ec7n tho\u1ea1i SIP v\u1edbi nhi\u1ec1u t\u00ednh n\u0103ng h\u1ea5p d\u1eabn gi\u00fap cho quy tr\u00ecnh v\u00e0 ho\u1ea1t \u0111\u1ed9ng kinh doanh h\u00e0ng ng\u00e0y c\u1ee7a","protected":false},"featured_media":9219,"template":"","meta":{"inline_featured_image":false},"product_brand":[],"product_cat":[346],"product_tag":[],"class_list":{"0":"post-9218","1":"product","2":"type-product","3":"status-publish","4":"has-post-thumbnail","6":"product_cat-ip-phone","8":"first","9":"instock","10":"shipping-taxable","11":"purchasable","12":"product-type-simple"},"acf":[],"_links":{"self":[{"href":"https:\/\/mphone.vn\/shop\/wp-json\/wp\/v2\/product\/9218","targetHints":{"allow":["GET"]}}],"collection":[{"href":"https:\/\/mphone.vn\/shop\/wp-json\/wp\/v2\/product"}],"about":[{"href":"https:\/\/mphone.vn\/shop\/wp-json\/wp\/v2\/types\/product"}],"wp:featuredmedia":[{"embeddable":true,"href":"https:\/\/mphone.vn\/shop\/wp-json\/wp\/v2\/media\/9219"}],"wp:attachment":[{"href":"https:\/\/mphone.vn\/shop\/wp-json\/wp\/v2\/media?parent=9218"}],"wp:term":[{"taxonomy":"product_brand","embeddable":true,"href":"https:\/\/mphone.vn\/shop\/wp-json\/wp\/v2\/product_brand?post=9218"},{"taxonomy":"product_cat","embeddable":true,"href":"https:\/\/mphone.vn\/shop\/wp-json\/wp\/v2\/product_cat?post=9218"},{"taxonomy":"product_tag","embeddable":true,"href":"https:\/\/mphone.vn\/shop\/wp-json\/wp\/v2\/product_tag?post=9218"}],"curies":[{"name":"wp","href":"https:\/\/api.w.org\/{rel}","templated":true}]}}