
{"id":9317,"date":"2024-02-05T06:42:18","date_gmt":"2024-02-04T23:42:18","guid":{"rendered":"https:\/\/mphone.vn\/shop\/tong-dai-ip-yeastar-s20-20-user-10-concurrent-calls\/"},"modified":"2024-10-03T17:37:46","modified_gmt":"2024-10-03T10:37:46","slug":"tong-dai-yeastar-s20","status":"publish","type":"product","link":"https:\/\/mphone.vn\/shop\/tong-dai-yeastar-s20\/","title":{"rendered":"T\u1ed5ng \u0111\u00e0i Yeastar S20"},"content":{"rendered":"<p>&nbsp;<\/p>\r\n<div id=\"tab-description\" class=\"woocommerce-Tabs-panel woocommerce-Tabs-panel--description panel entry-content wc-tab\" role=\"tabpanel\" aria-labelledby=\"tab-title-description\">\r\n<h2>M\u00f4 t\u1ea3<\/h2>\r\n<h3>T\u1ed5ng \u0111\u00e0i IP Yeastar S20<\/h3>\r\n<p style=\"text-align: justify;\">Yeastar S20 l\u00e0 m\u1ed9t t\u1ed5ng \u0111\u00e0i IP tuy nhi\u00ean n\u00f3 v\u1eabn h\u1ed7 tr\u1ee3 \u0111\u01b0\u1ee3c c\u00e1c chu\u1ea9n giao th\u1ee9c Analog c\u0169 b\u1eb1ng c\u00e1c module t\u00f9y ch\u1ecdn: m\u1edf r\u1ed9ng module\u00a0FXS , module FXO, module d\u1ef1 ph\u00f2ng PSTN, module BRI, v\u00e0 m\u00f4-\u0111un GSM \/ 3G<span class=\"goog-text-highlight\">;\u00a0<\/span><span class=\"goog-text-highlight\">M\u1edf r\u1ed9ng ng\u01b0\u1eddi s\u1eed d\u1ee5ng SIP v\u00e0 cu\u1ed9c g\u1ecdi \u0111\u1ed3ng th\u1eddi khi doanh nghi\u1ec7p c\u1ee7a b\u1ea1n ph\u00e1t tri\u1ec3n v\u1edbi Module\u00a0DSP.<\/span><\/p>\r\n<p style=\"text-align: justify;\">Yeastar S20 VoIP PBX l\u00e0 m\u1ed9t h\u1ec7 th\u1ed1ng t\u1ed5ng \u0111\u00e0i \u0111\u1ed9c l\u1eadp \u0111\u01b0\u1ee3c thi\u1ebft k\u1ebf ph\u00f9 h\u1ee3p cho nhu c\u1ea7u c\u1ee7a c\u00e1c doanh nghi\u1ec7p v\u1eeba v\u00e0 nh\u1ecf, S20 h\u1ed7 tr\u1ee3 20 ng\u01b0\u1eddi d\u00f9ng v\u1edbi 10 cu\u1ed9c g\u1ecdi \u0111\u1ed3ng th\u1eddi. D\u00f2ng Yeastar S20 c\u00f3 2 l\u1ef1a ch\u1ecdn c\u1ed5ng k\u1ebft n\u1ed1i cho ng\u01b0\u1eddi d\u00f9ng l\u00e0 Analog (4 c\u1ed5ng) ho\u1eb7c BRI (4 c\u1ed5ng) v\u00e0 n\u00f3 c\u00f3 \u0111\u1ea7y \u0111\u1ee7 c\u00e1c t\u00ednh n\u0103ng m\u1edbi nh\u1ea5t m\u00e0 d\u00f2ng S-Seri mang l\u1ea1i.<\/p>\r\n<h3>Nh\u1eefng ch\u1ee9c n\u0103ng c\u1ee7a t\u1ed5ng \u0111\u00e0i \u0111i\u1ec7n tho\u1ea1i IP Yeastar s20<\/h3>\r\n<ul>\r\n\t<li>H\u1ed7 tr\u1ee3 20 ng\u01b0\u1eddi d\u00f9ng<\/li>\r\n\t<li>T\u1ed1i \u0111a 10 cu\u1ed9c g\u1ecdi \u0111\u1ed3ng th\u1eddi<\/li>\r\n\t<li>H\u1ed7 tr\u1ee3 t\u1ed1i \u0111a 4 C\u1ed5ng FXS\/FXO<\/li>\r\n\t<li>4 c\u1ed5ng BRI<\/li>\r\n\t<li>20 voip trunks<\/li>\r\n\t<li>1 c\u1ed5ng LAN, 1 c\u1ed5ng wAN<\/li>\r\n\t<li>T\u00edch h\u1ee3p voicemail 5000 ph\u00fat (m\u1edf r\u1ed9ng)<\/li>\r\n\t<li>H\u1ed7 tr\u1ee3 nhi\u1ec1u t\u00ednh n\u0103ng nh\u01b0 IVR, chuy\u1ec3n cu\u1ed9c g\u1ecdi, ghi \u00e2m cu\u1ed9c g\u1ecdi, voice mail, chuy\u1ec3n voice mail<\/li>\r\n\t<li>K\u1ebft n\u1ed1i v\u1edbi c\u00e1c d\u00f2ng \u0111i\u1ec7n tho\u1ea1i ip nh\u01b0 Yealink, grandstream.<\/li>\r\n\t<li>T\u00edch h\u1ee3p ghi \u00e2m cu\u1ed9c g\u1ecdi<\/li>\r\n\t<li>H\u1ed7 tr\u1ee3 c\u00e1c d\u00f2ng SIP \/ IAX2, PSTN, ISDN BRI, E1 \/ T1 \/ PRI, v\u00e0 GSM \/ CDMA \/ 3G<\/li>\r\n\t<li>K\u1ebft n\u1ed1i nhi\u1ec1u trang web v\u00e0 ng\u01b0\u1eddi d\u00f9ng t\u1eeb xa ngay l\u1eadp t\u1ee9c<\/li>\r\n\t<li>N\u00e2ng c\u1ea5p firmware d\u1ec5 d\u00e0ng<\/li>\r\n\t<li>T\u00ednh n\u0103ng CDR: chi ti\u1ebft ghi \u00e2m cu\u1ed9c g\u1ecdi<\/li>\r\n\t<li>Chuy\u1ec3n cu\u1ed9c g\u1ecdi, \u0111\u1ecbnh tuy\u1ebfn cu\u1ed9c g\u1ecdi, cu\u1ed9c g\u1ecdi video<\/li>\r\n\t<li>t\u00ednh n\u0103ng voicemail<\/li>\r\n<\/ul>\r\n<\/div>","protected":false},"excerpt":{"rendered":"&nbsp; M\u00f4 t\u1ea3 T\u1ed5ng \u0111\u00e0i IP Yeastar S20 Yeastar S20 l\u00e0 m\u1ed9t t\u1ed5ng \u0111\u00e0i IP tuy nhi\u00ean n\u00f3 v\u1eabn h\u1ed7 tr\u1ee3 \u0111\u01b0\u1ee3c c\u00e1c chu\u1ea9n giao th\u1ee9c Analog c\u0169 b\u1eb1ng c\u00e1c module t\u00f9y ch\u1ecdn: m\u1edf r\u1ed9ng module\u00a0FXS , module FXO, module d\u1ef1 ph\u00f2ng PSTN, module BRI, v\u00e0 m\u00f4-\u0111un GSM \/ 3G;\u00a0M\u1edf r\u1ed9ng ng\u01b0\u1eddi s\u1eed d\u1ee5ng SIP","protected":false},"featured_media":10868,"template":"","meta":{"inline_featured_image":false},"product_brand":[],"product_cat":[335],"product_tag":[],"class_list":{"0":"post-9317","1":"product","2":"type-product","3":"status-publish","4":"has-post-thumbnail","6":"product_cat-tong-dai-ip","8":"first","9":"instock","10":"shipping-taxable","11":"purchasable","12":"product-type-simple"},"acf":[],"_links":{"self":[{"href":"https:\/\/mphone.vn\/shop\/wp-json\/wp\/v2\/product\/9317","targetHints":{"allow":["GET"]}}],"collection":[{"href":"https:\/\/mphone.vn\/shop\/wp-json\/wp\/v2\/product"}],"about":[{"href":"https:\/\/mphone.vn\/shop\/wp-json\/wp\/v2\/types\/product"}],"wp:featuredmedia":[{"embeddable":true,"href":"https:\/\/mphone.vn\/shop\/wp-json\/wp\/v2\/media\/10868"}],"wp:attachment":[{"href":"https:\/\/mphone.vn\/shop\/wp-json\/wp\/v2\/media?parent=9317"}],"wp:term":[{"taxonomy":"product_brand","embeddable":true,"href":"https:\/\/mphone.vn\/shop\/wp-json\/wp\/v2\/product_brand?post=9317"},{"taxonomy":"product_cat","embeddable":true,"href":"https:\/\/mphone.vn\/shop\/wp-json\/wp\/v2\/product_cat?post=9317"},{"taxonomy":"product_tag","embeddable":true,"href":"https:\/\/mphone.vn\/shop\/wp-json\/wp\/v2\/product_tag?post=9317"}],"curies":[{"name":"wp","href":"https:\/\/api.w.org\/{rel}","templated":true}]}}